d(39).
20
Let j(o) = o**3 + 5*o**2 - 3*o + 17. Give j(-5).
32
Let u(w) = 27*w + 65. What is u(4)?
173
Let z(s) = 702*s - 141799. Calculate z(202).
5
Let r(b) = 16*b + 753. What is r(-49)?
-31
Let j(s) = -159*s + 971. Calculate j(10).
-619
Let g(s) = 161*s**2 - 322*s + 13. Give g(2).
13
Let a(b) = b**3 + 4*b**2 - 142*b - 582. Determine a(-4).
-14
Let t(i) = 117*i - 122. Determine t(1).
-5
Let h(b) = b**2 + 15*b - 90. Determine h(-19).
-14
Let d(a) = 30*a - 196. Calculate d(6).
-16
Let t(m) = -46*m - 74. Calculate t(-6).
202
Let u(v) = v**2 + 59*v + 261. Give u(-54).
-9
Let f(o) = -4*o**2 + 44*o + 315. Calculate f(-5).
-5
Let k(t) = -170*t**3 - 47*t**2 - 4*t - 4. Determine k(-1).
123
Let c(h) = 128*h**2 - 3320*h - 201. Give c(26).
7
Let j(s) = -3*s**3 + 10*s**2 - 6*s - 7. Determine j(5).
-162
Let p(j) = 2*j**2 - 26*j - 61. Determine p(14).
-33
Let b(k) = -k**2 + 5*k + 292. What is b(19)?
26
Let x(v) = 3*v**3 - 4*v**2 + 24*v + 63. Determine x(-2).
-25
Let x(y) = 1820*y - 12660. What is x(7)?
80
Let a(p) = 39*p - 1270. Determine a(32).
-22
Let m(p) = -192*p + 179. Determine m(-3).
755
Let s(v) = 992*v - 17865. Calculate s(18).
-9
Let r(o) = 7*o**2 - 12*o + 22. What is r(4)?
86
Let x(o) = 255*o + 5029. Calculate x(-20).
-71
Let q(f) = -195*f + 1606. What is q(8)?
46
Let u(r) = r**3 - 31*r**2 - 62*r - 47. Calculate u(33).
85
Let w(h) = 4*h**3 + 100*h**2. Determine w(-25).
0
Let f(w) = -26*w + 131. Calculate f(7).
-51
Let m(n) = n**3 - 2*n**2 + 4*n + 267. Calculate m(0).
267
Let k(z) = z**3 - 36*z**2 + 38*z - 146. Give k(35).
-41
Let x(n) = n**3 + 39*n**2 - 8*n - 205. What is x(-39)?
107
Let k(s) = 66*s - 498. Give k(8).
30
Let z(q) = -q**3 - 29*q**2 - 161*q + 14. Calculate z(-8).
-42
Let k(n) = -586*n - 4386. Calculate k(-8).
302
Let h(s) = -s**2 + 12*s + 40. Give h(14).
12
Let g(s) = -2*s**2 - 179*s - 3166. Calculate g(-23).
-107
Let t(k) = -8*k**2 + 560*k - 23. Give t(70).
-23
Let q(y) = y**2 + 11*y + 4. Determine q(-17).
106
Let l(g) = 2*g**2 - 55*g + 398. Determine l(15).
23
Let p(z) = -z**3 + 12*z**2 - 53*z + 351. What is p(10)?
21
Let q(s) = -2*s**2 + 203*s + 410. Determine q(-2).
-4
Let p(r) = -r**2 - 15*r - 36. What is p(-7)?
20
Let a(k) = k**2 - 13*k - 472. Give a(0).
-472
Let q(t) = 5*t**3 - 60*t**2 - 145*t + 1699. Determine q(12).
-41
Let p(k) = -17*k + 220. Calculate p(15).
-35
Let u(c) = -24*c - 390. Give u(-19).
66
Let j(n) = 58*n**3 + 4*n**2 - 11*n - 14. Calculate j(-1).
-57
Let n(a) = 21*a + 709. Determine n(-44).
-215
Let m(v) = 2*v**3 + 15*v**2 + 15*v + 13. Determine m(-6).
31
Let h(k) = -k**3 - 64*k**2 - 139*k - 650. Give h(-62).
280
Let p(y) = -72*y**2 - 632*y + 891. What is p(-10)?
11
Let o(q) = -45*q - 1623. Give o(-36).
-3
Let r(s) = 3*s**3 + 136*s**2 - 90*s + 56. What is r(-46)?
-36
Let x(g) = -28*g**2 + 878*g - 321. Determine x(31).
-11
Let r(o) = -o**3 + 47*o**2 - 297*o + 674. Give r(40).
-6
Let h(g) = 69*g - 108. What is h(-3)?
-315
Let b(o) = -44*o + 4349. Give b(103).
-183
Let b(d) = -27*d + 749. Calculate b(26).
47
Let s(z) = -z**3 + 73*z**2 + z - 74. Give s(73).
-1
Let v(x) = -11*x**2 + 62*x + 254. Calculate v(-5).
-331
Let b(i) = -2*i**2 + 19*i + 2809. Calculate b(-33).
4
Let n(k) = 3*k**2 - 137*k + 439. Calculate n(3).
55
Let z(k) = 3*k**3 - 21*k**2 - 4*k + 46. Determine z(7).
18
Let t(l) = -l**3 + 10*l**2 + 32*l - 318. Calculate t(6).
18
Let l(f) = -3968*f + 55556. What is l(14)?
4
Let b(d) = 3*d**3 - 42*d**2 + 63*d - 63. Determine b(13).
249
Let l(s) = -s**3 - 5*s**2 + 9*s + 8. What is l(-5)?
-37
Let a(d) = -d**3 + 5*d - 14. What is a(6)?
-200
Let r(u) = -u**2 + 30*u + 2485. What is r(-37)?
6
Let c(o) = 294*o + 302. Calculate c(-1).
8
Let q(f) = -f**2 - 45*f + 135. Determine q(-46).
89
Let x(f) = -f**3 + 94*f**2 + 286*f + 9. Determine x(-3).
24
Let f(p) = -p**3 - 49*p**2 + 61*p + 222. What is f(-50)?
-328
Let z(g) = -804*g + 250047. Calculate z(311).
3
Let f(l) = 28*l**3 + 9*l**2 - 8*l - 6. What is f(1)?
23
Let x(r) = r**3 - 16*r**2 + 45*r + 35. Give x(12).
-1
Let f(h) = 38*h + 298. What is f(-8)?
-6
Let f(u) = -2*u**2 - 79*u + 7993. Give f(-86).
-5
Let a(q) = -69*q - 4421. What is a(-67)?
202
Let c(t) = 23*t**2 + 7*t + 1. Determine c(2).
107
Let z(f) = f**3 + 31*f**2 + 20*f - 1102. Calculate z(-29).
0
Let k(b) = 395*b + 2336. Give k(-6).
-34
Let x(t) = 2*t**3 + 162*t**2 - 3*t - 244. What is x(-81)?
-1
Let s(w) = w**3 + 51*w**2 + 306*w - 280. What is s(-8)?
24
Let b(w) = 21*w + 157. Calculate b(-7).
10
Let v(p) = -p**3 - p**2 + 87*p + 171. Calculate v(-2).
1
Let d(h) = -3*h**2 - 2*h - 313. Calculate d(0).
-313
Let d(h) = -4*h**3 + 6*h**2 - 11*h + 19. What is d(3)?
-68
Let w(q) = 1452*q - 10154. Determine w(7).
10
Let c(w) = w**2 - 14557*w - 160248. Determine c(-11).
0
Let u(p) = -11*p**2 + 28*p + 27. Give u(-1).
-12
Let h(i) = -i**3 + 16*i**2 - 13*i - 146. Calculate h(14).
64
Let z(y) = -y**2 - 61*y + 1789. Determine z(24).
-251
Let d(k) = -k + 11. Determine d(89).
-78
Let u(n) = -n**3 + 45*n**2 - 10*n + 197. Calculate u(45).
-253
Let a(g) = -4*g**3 - 7*g**2 + 6*g - 11. Determine a(-4).
109
Let i(c) = -3*c**3 + 5*c**2 - 10*c + 20. Determine i(3).
-46
Let z(v) = v**3 + 17*v**2 - 104*v - 2016. Determine z(-14).
28
Let q(p) = -3*p**2 - 21*p + 30. Calculate q(2).
-24
Let z(r) = -95*r**3 + 5*r**2 + 2*r - 2. What is z(-1)?
96
Let l(r) = -156*r + 1230. Determine l(8).
-18
Let p(d) = -d**2 - 30*d + 6. Give p(-19).
215
Let q(v) = 58*v**2 + 578*v + 505. Calculate q(-9).
1
Let h(z) = -17*z**2 + 211*z + 5. Determine h(12).
89
Let b(y) = -2*y**2 - 80*y - 44. Give b(-40).
-44
Let p(n) = 171*n + 7188. What is p(-42)?
6
Let x(d) = -439*d + 221. Calculate x(1).
-218
Let n(d) = -2*d**2 - 163*d - 2458. Give n(-16).
-362
Let p(c) = 268*c - 2330. Calculate p(9).
82
Let l(m) = m**2 + 32*m + 91. Determine l(-35).
196
Let v(r) = -11*r**3 + 283*r**2 + 83*r - 128. Determine v(26).
2
Let r(j) = -j**2 + 16*j + 90. Determine r(29).
-287
Let g(n) = -3*n**2 - 2794*n - 8348. Determine g(-3).
7
Let g(n) = -79*n**2 - 95*n - 96. Calculate g(-1).
-80
Let d(p) = -500*p + 4395. Determine d(9).
-105
Let f(t) = 37*t - 3133. What is f(84)?
-25
Let s(a) = 19*a - 61. Give s(7).
72
Let u(a) = 444*a + 7100. Give u(-16).
-4
Let s(h) = -126*h**2 + 2001*h + 237. Determine s(16).
-3
Let u(q) = -217*q + 2341. What is u(11)?
-46
Let m(a) = -2*a**2 + 66*a - 448. Determine m(12).
56
Let o(u) = -4*u**3 - 8*u + 1. Determine o(-2).
49
Let t(u) = -u**2 + 8*u + 124. Determine t(15).
19
Let f(j) = -2*j**2 - 62*j - 316. What is f(-25)?
-16
Let j(h) = -4*h**2 - 61*h - 189. Calculate j(-5).
16
Let g(l) = 89*l + 345. Determine g(-4).
-11
Let o(b) = b**3 - 125*b**2 - 504*b - 1545. Calculate o(129).
3
Let k(x) = -6*x**2 + 79*x - 15. Give k(13).
-2
Let l(c) = -c**3 + 11*c**2 - 36*c + 150. What is l(7)?
94
Let d(h) = -2*h**3 - 23*h**2 + 69*h + 10. Calculate d(-14).
24
Let c(z) = 9*z**2 + 17*z. What is c(-7)?
322
Let j(w) = 61*w - 2318. What is j(38)?
0
Let p(c) = c**3 - 15*c**2 - 17*c. Determine p(15).
-255
Let i(k) = k**2 - 6*k - 7. Determine i(-5).
48
Let l(k) = k**3 + 9*k**2 - 11*k - 63. Calculate l(-10).
-53
Let b(w) = 87*w - 2956. Give b(34).
2
Let m(w) = 20*w**2 + 740*w - 32. What is m(-37)?
-32
Let a(t) = 5*t**3 - 3*t**2 - 4*t - 20. Calculate a(4).
236
Let x(q) = q**3 + 250*q**2 - 1272*q + 764. Give x(-255).
-1
Let o(m) = m**3 + 29*m**2 + 57*m - 42. Give o(-27).
-123
Let q(l) = l**3 - 12*l**2 + 25*l - 41. Calculate q(10).
9
Let v(j) = -2*j**2 - 6*j + 1. Give v(-5).
-19
Let v(r) = 1405*r - 8427. Calculate v(6).
3
Let t(z) = -12*z**2 - 9*z + 2. Give t(-5).
-253
Let u(o) = -3*o**2 + 216*o + 886. Give u(-4).
-26
Let b(s) = 6674*s + 13362. Give b(-2).
14
Let l(f) = -29*f - 43. Give l(-1).
-14
Let m(o) = -o**2 + 13*o + 235. Give m(22).
37
Let l(h) = 23*h**2 - 264*h + 115. Calculate l(11).
-6
Let a(y) = -9*y**2 + 307*y - 46. Calculate a(34).
-12
Let c(j) = -j**3 + 228*j**2 - 235*j + 1787. Give c(227).
-29
Let c(y) = y**3 + 14*y**2 + 26*y - 101. Calculate c(-5).
-6
Let l(u) = 39*u - 555. Determine l(19).
186
Let s(n) = n**3 + 24*n**2 + 57*n + 204. What is s(-22)?
-82
Let n(k) = 2*k**3 + 40*k**2 - 56*k - 301. What is n(-21)?
-7
Let u(d) = -695*d - 15982. Determine u(-23).
3
Let i(a) = -2*a**2 - 8*a + 74. Determine i(6).
-46
Let x(n) = 12*n**2 + 50*n - 231. Determine x(-7).
7
Le